[INFO] cloning repository https://github.com/GGG-KILLER/Kaito
[INFO] running `Command { std: "git" "-c" "credential.helper=" "-c" "credential.helper=/workspace/cargo-home/bin/git-credential-null" "clone" "--bare" "https://github.com/GGG-KILLER/Kaito" "/workspace/cache/git-repos/https%3A%2F%2Fgithub.com%2FGGG-KILLER%2FKaito", kill_on_drop: false }`
[INFO] [stderr] Cloning into bare repository '/workspace/cache/git-repos/https%3A%2F%2Fgithub.com%2FGGG-KILLER%2FKaito'...
[INFO] running `Command { std: "git" "rev-parse" "HEAD", kill_on_drop: false }`
[INFO] [stdout] ce304af6960fa3558dc55c74109241ea8f067e48
[INFO] building GGG-KILLER/Kaito against master#ff34b919075f35a1787659e9c448a34b06bab8de for issue-85264
[INFO] running `Command { std: "git" "clone" "/workspace/cache/git-repos/https%3A%2F%2Fgithub.com%2FGGG-KILLER%2FKaito" "/workspace/builds/worker-6/source", kill_on_drop: false }`
[INFO] [stderr] Cloning into '/workspace/builds/worker-6/source'...
[INFO] [stderr] done.
[INFO] validating manifest of git repo https://github.com/GGG-KILLER/Kaito on toolchain ff34b919075f35a1787659e9c448a34b06bab8de
[INFO] running `Command { std: "/workspace/cargo-home/bin/cargo" "+ff34b919075f35a1787659e9c448a34b06bab8de" "metadata" "--manifest-path" "Cargo.toml" "--no-deps", kill_on_drop: false }`
[INFO] started tweaking git repo https://github.com/GGG-KILLER/Kaito
[INFO] finished tweaking git repo https://github.com/GGG-KILLER/Kaito
[INFO] tweaked toml for git repo https://github.com/GGG-KILLER/Kaito written to /workspace/builds/worker-6/source/Cargo.toml
[INFO] crate git repo https://github.com/GGG-KILLER/Kaito already has a lockfile, it will not be regenerated
[INFO] running `Command { std: "/workspace/cargo-home/bin/cargo" "+ff34b919075f35a1787659e9c448a34b06bab8de" "fetch" "--manifest-path" "Cargo.toml", kill_on_drop: false }`
[INFO] [stderr]     Blocking waiting for file lock on package cache
[INFO] [stderr]     Blocking waiting for file lock on package cache
[INFO] running `Command { std: "docker" "create" "-v" "/var/lib/crater-agent-workspace/builds/worker-6/target:/opt/rustwide/target:rw,Z" "-v" "/var/lib/crater-agent-workspace/builds/worker-6/source:/opt/rustwide/workdir:ro,Z" "-v" "/var/lib/crater-agent-workspace/cargo-home:/opt/rustwide/cargo-home:ro,Z" "-v" "/var/lib/crater-agent-workspace/rustup-home:/opt/rustwide/rustup-home:ro,Z" "-e" "SOURCE_DIR=/opt/rustwide/workdir" "-e" "CARGO_TARGET_DIR=/opt/rustwide/target" "-e" "CARGO_HOME=/opt/rustwide/cargo-home" "-e" "RUSTUP_HOME=/opt/rustwide/rustup-home" "-w" "/opt/rustwide/workdir" "-m" "1610612736" "--user" "0:0" "--network" "none" "ghcr.io/rust-lang/crates-build-env/linux@sha256:20528e8c29e4536546f0102ce88568b16ea7538393a33fcca951030f7af10457" "/opt/rustwide/cargo-home/bin/cargo" "+ff34b919075f35a1787659e9c448a34b06bab8de" "metadata" "--no-deps" "--format-version=1", kill_on_drop: false }`
[INFO] [stdout] 5b56435a2c537bba1fb513dcd156c67d67fe11104ce0ee02305610e7860bf212
[INFO] [stderr] WARNING: Your kernel does not support swap limit capabilities or the cgroup is not mounted. Memory limited without swap.
[INFO] running `Command { std: "docker" "start" "-a" "5b56435a2c537bba1fb513dcd156c67d67fe11104ce0ee02305610e7860bf212", kill_on_drop: false }`
[INFO] running `Command { std: "docker" "inspect" "5b56435a2c537bba1fb513dcd156c67d67fe11104ce0ee02305610e7860bf212", kill_on_drop: false }`
[INFO] running `Command { std: "docker" "rm" "-f" "5b56435a2c537bba1fb513dcd156c67d67fe11104ce0ee02305610e7860bf212", kill_on_drop: false }`
[INFO] [stdout] 5b56435a2c537bba1fb513dcd156c67d67fe11104ce0ee02305610e7860bf212
[INFO] running `Command { std: "docker" "create" "-v" "/var/lib/crater-agent-workspace/builds/worker-6/target:/opt/rustwide/target:rw,Z" "-v" "/var/lib/crater-agent-workspace/builds/worker-6/source:/opt/rustwide/workdir:ro,Z" "-v" "/var/lib/crater-agent-workspace/cargo-home:/opt/rustwide/cargo-home:ro,Z" "-v" "/var/lib/crater-agent-workspace/rustup-home:/opt/rustwide/rustup-home:ro,Z" "-e" "SOURCE_DIR=/opt/rustwide/workdir" "-e" "CARGO_TARGET_DIR=/opt/rustwide/target" "-e" "CARGO_INCREMENTAL=0" "-e" "RUST_BACKTRACE=full" "-e" "RUSTFLAGS=--cap-lints=forbid" "-e" "CARGO_HOME=/opt/rustwide/cargo-home" "-e" "RUSTUP_HOME=/opt/rustwide/rustup-home" "-w" "/opt/rustwide/workdir" "-m" "1610612736" "--user" "0:0" "--network" "none" "ghcr.io/rust-lang/crates-build-env/linux@sha256:20528e8c29e4536546f0102ce88568b16ea7538393a33fcca951030f7af10457" "/opt/rustwide/cargo-home/bin/cargo" "+ff34b919075f35a1787659e9c448a34b06bab8de" "build" "--frozen" "--message-format=json", kill_on_drop: false }`
[INFO] [stdout] 43443e575e9378a4b06004e4d7ee498e4e757925622ff9b25037c0ace7c40326
[INFO] [stderr] WARNING: Your kernel does not support swap limit capabilities or the cgroup is not mounted. Memory limited without swap.
[INFO] running `Command { std: "docker" "start" "-a" "43443e575e9378a4b06004e4d7ee498e4e757925622ff9b25037c0ace7c40326", kill_on_drop: false }`
[INFO] [stderr]    Compiling libc v0.2.82
[INFO] [stderr]    Compiling autocfg v1.0.1
[INFO] [stderr]    Compiling cfg-if v1.0.0
[INFO] [stderr]    Compiling unicode-xid v0.2.1
[INFO] [stderr]    Compiling syn v1.0.58
[INFO] [stderr]    Compiling memchr v2.3.4
[INFO] [stderr]    Compiling lazy_static v1.4.0
[INFO] [stderr]    Compiling cfg-if v0.1.10
[INFO] [stderr]    Compiling log v0.4.11
[INFO] [stderr]    Compiling pin-project-lite v0.2.1
[INFO] [stderr]    Compiling futures-core v0.3.9
[INFO] [stderr]    Compiling futures-io v0.3.9
[INFO] [stderr]    Compiling pkg-config v0.3.19
[INFO] [stderr]    Compiling proc-macro-nested v0.1.6
[INFO] [stderr]    Compiling futures-sink v0.3.9
[INFO] [stderr]    Compiling slab v0.4.2
[INFO] [stderr]    Compiling bytes v1.0.0
[INFO] [stderr]    Compiling serde_derive v1.0.118
[INFO] [stderr]    Compiling getrandom v0.2.1
[INFO] [stderr]    Compiling typenum v1.12.0
[INFO] [stderr]    Compiling bitflags v1.2.1
[INFO] [stderr]    Compiling parking v2.0.0
[INFO] [stderr]    Compiling fastrand v1.4.0
[INFO] [stderr]    Compiling ahash v0.4.7
[INFO] [stderr]    Compiling serde v1.0.118
[INFO] [stderr]    Compiling cache-padded v1.1.1
[INFO] [stderr]    Compiling waker-fn v1.1.0
[INFO] [stderr]    Compiling crunchy v0.2.2
[INFO] [stderr]    Compiling percent-encoding v2.1.0
[INFO] [stderr]    Compiling maplit v1.0.2
[INFO] [stderr]    Compiling tiny-keccak v2.0.2
[INFO] [stderr]    Compiling event-listener v2.5.1
[INFO] [stderr]    Compiling ucd-trie v0.1.3
[INFO] [stderr]    Compiling httparse v1.3.4
[INFO] [stderr]    Compiling vec-arena v1.0.0
[INFO] [stderr]    Compiling base64 v0.12.3
[INFO] [stderr]    Compiling scopeguard v1.1.0
[INFO] [stderr]    Compiling async-task v4.0.3
[INFO] [stderr]    Compiling radium v0.5.3
[INFO] [stderr]    Compiling opaque-debug v0.3.0
[INFO] [stderr]    Compiling cpuid-bool v0.1.2
[INFO] [stderr]    Compiling bytes v0.5.6
[INFO] [stderr]    Compiling serde_json v1.0.61
[INFO] [stderr]    Compiling lexical-core v0.7.4
[INFO] [stderr]    Compiling arrayvec v0.5.2
[INFO] [stderr]    Compiling tap v1.0.0
[INFO] [stderr]    Compiling try-lock v0.2.3
[INFO] [stderr]    Compiling wyz v0.2.0
[INFO] [stderr]    Compiling funty v1.1.0
[INFO] [stderr]    Compiling atomic-waker v1.0.0
[INFO] [stderr]    Compiling build_const v0.2.1
[INFO] [stderr]    Compiling static_assertions v1.1.0
[INFO] [stderr]    Compiling smallvec v1.6.1
[INFO] [stderr]    Compiling tower-service v0.3.0
[INFO] [stderr]    Compiling openssl v0.10.32
[INFO] [stderr]    Compiling unicode_categories v0.1.1
[INFO] [stderr]    Compiling native-tls v0.2.7
[INFO] [stderr]    Compiling either v1.6.1
[INFO] [stderr]    Compiling whoami v1.0.3
[INFO] [stderr]    Compiling adler v0.2.3
[INFO] [stderr]    Compiling hex v0.4.2
[INFO] [stderr]    Compiling anyhow v1.0.37
[INFO] [stderr]    Compiling serenity v0.10.1
[INFO] [stderr]    Compiling ipnet v2.3.0
[INFO] [stderr]    Compiling dotenv v0.15.0
[INFO] [stderr]    Compiling typemap_rev v0.1.4
[INFO] [stderr]    Compiling nonzero_ext v0.2.0
[INFO] [stderr]    Compiling arc-swap v1.2.0
[INFO] [stderr]    Compiling glob v0.3.0
[INFO] [stderr]    Compiling paste v1.0.4
[INFO] [stderr]    Compiling ring v0.16.19
[INFO] [stderr]    Compiling futures-task v0.3.9
[INFO] [stderr]    Compiling generic-array v0.14.4
[INFO] [stderr]    Compiling nom v6.0.1
[INFO] [stderr]    Compiling ahash v0.6.2
[INFO] [stderr]    Compiling tinyvec v1.1.0
[INFO] [stderr]    Compiling instant v0.1.9
[INFO] [stderr]    Compiling tracing-core v0.1.17
[INFO] [stderr]    Compiling thread_local v1.1.0
[INFO] [stderr]    Compiling concurrent-queue v1.2.2
[INFO] [stderr]    Compiling futures-channel v0.3.9
[INFO] [stderr]    Compiling async-mutex v1.4.0
[INFO] [stderr]    Compiling lock_api v0.4.2
[INFO] [stderr]    Compiling form_urlencoded v1.0.0
[INFO] [stderr]    Compiling hashbrown v0.9.1
[INFO] [stderr]    Compiling pest v2.1.3
[INFO] [stderr]    Compiling proc-macro2 v1.0.24
[INFO] [stderr]    Compiling http v0.2.3
[INFO] [stderr]    Compiling crc v1.8.1
[INFO] [stderr]    Compiling crc32fast v1.2.1
[INFO] [stderr]    Compiling encoding_rs v0.8.26
[INFO] [stderr]    Compiling async-channel v1.5.1
[INFO] [stderr]    Compiling input_buffer v0.3.1
[INFO] [stderr]    Compiling tokio v1.0.1
[INFO] [stderr]    Compiling crossbeam-utils v0.8.1
[INFO] [stderr]    Compiling num-traits v0.2.14
[INFO] [stderr]    Compiling indexmap v1.6.1
[INFO] [stderr]    Compiling memoffset v0.6.1
[INFO] [stderr]    Compiling num-integer v0.1.44
[INFO] [stderr]    Compiling miniz_oxide v0.4.3
[INFO] [stderr]    Compiling hashbrown v0.8.2
[INFO] [stderr]    Compiling mime_guess v2.0.3
[INFO] [stderr]    Compiling bitvec v0.19.4
[INFO] [stderr]    Compiling futures-lite v1.11.3
[INFO] [stderr]    Compiling aho-corasick v0.7.15
[INFO] [stderr]    Compiling bstr v0.2.14
[INFO] [stderr]    Compiling hashlink v0.6.0
[INFO] [stderr]    Compiling openssl-sys v0.9.60
[INFO] [stderr]    Compiling libsqlite3-sys v0.20.1
[INFO] [stderr]    Compiling mlua v0.5.0
[INFO] [stderr]    Compiling want v0.3.0
[INFO] [stderr]    Compiling kv-log-macro v1.0.7
[INFO] [stderr]    Compiling quote v1.0.8
[INFO] [stderr]    Compiling num_cpus v1.13.0
[INFO] [stderr]    Compiling mio v0.7.7
[INFO] [stderr]    Compiling nb-connect v1.0.2
[INFO] [stderr]    Compiling polling v2.0.2
[INFO] [stderr]    Compiling signal-hook-registry v1.3.0
[INFO] [stderr]    Compiling getrandom v0.1.16
[INFO] [stderr]    Compiling socket2 v0.3.19
[INFO] [stderr]    Compiling parking_lot_core v0.8.2
[INFO] [stderr]    Compiling time v0.1.43
[INFO] [stderr]    Compiling quanta v0.4.1
[INFO] [stderr]    Compiling pest_meta v2.1.3
[INFO] [stderr]    Compiling dashmap v4.0.1
[INFO] [stderr]    Compiling signal-hook v0.1.17
[INFO] [stderr]    Compiling rand_core v0.5.1
[INFO] [stderr]    Compiling const-random-macro v0.1.13
[INFO] [stderr]    Compiling unicode-normalization v0.1.16
[INFO] [stdout] error[E0308]: mismatched types
[INFO] [stdout]   --> /opt/rustwide/cargo-home/registry/src/github.com-1ecc6299db9ec823/lexical-core-0.7.4/src/atof/algorithm/bhcomp.rs:62:24
[INFO] [stdout]    |
[INFO] [stdout] 62 |     let bytes = bits / Limb::BITS;
[INFO] [stdout]    |                        ^^^^^^^^^^ expected `usize`, found `u32`
[INFO] [stdout] 
[INFO] [stdout] 
[INFO] [stderr]    Compiling parking_lot v0.11.1
[INFO] [stderr]    Compiling crossbeam-queue v0.3.1
[INFO] [stderr]    Compiling crossbeam-channel v0.5.0
[INFO] [stderr]    Compiling crossbeam-epoch v0.9.1
[INFO] [stdout] error[E0277]: cannot divide `usize` by `u32`
[INFO] [stdout]   --> /opt/rustwide/cargo-home/registry/src/github.com-1ecc6299db9ec823/lexical-core-0.7.4/src/atof/algorithm/bhcomp.rs:62:22
[INFO] [stdout]    |
[INFO] [stdout] 62 |     let bytes = bits / Limb::BITS;
[INFO] [stdout]    |                      ^ no implementation for `usize / u32`
[INFO] [stdout]    |
[INFO] [stdout]    = help: the trait `Div<u32>` is not implemented for `usize`
[INFO] [stdout] 
[INFO] [stdout] 
[INFO] [stderr] error: failed to run custom build command for `mlua v0.5.0`
[INFO] [stderr] 
[INFO] [stderr] Caused by:
[INFO] [stderr]   process didn't exit successfully: `/opt/rustwide/target/debug/build/mlua-ec07a29af1905ee5/build-script-main` (exit status: 101)
[INFO] [stderr]   --- stdout
[INFO] [stderr]   cargo:rerun-if-env-changed=LUA_INC
[INFO] [stderr]   cargo:rerun-if-env-changed=LUA_LIB
[INFO] [stderr]   cargo:rerun-if-env-changed=LUA_LIB_NAME
[INFO] [stderr]   cargo:rerun-if-env-changed=LUA_LINK
[INFO] [stderr]   cargo:rerun-if-env-changed=LUA_NO_PKG_CONFIG
[INFO] [stderr]   cargo:rerun-if-env-changed=PKG_CONFIG
[INFO] [stderr]   cargo:rerun-if-env-changed=LUA_STATIC
[INFO] [stderr]   cargo:rerun-if-env-changed=LUA_DYNAMIC
[INFO] [stderr]   cargo:rerun-if-env-changed=PKG_CONFIG_ALL_STATIC
[INFO] [stderr]   cargo:rerun-if-env-changed=PKG_CONFIG_ALL_DYNAMIC
[INFO] [stderr]   cargo:rerun-if-env-changed=PKG_CONFIG_PATH_x86_64-unknown-linux-gnu
[INFO] [stderr]   cargo:rerun-if-env-changed=PKG_CONFIG_PATH_x86_64_unknown_linux_gnu
[INFO] [stderr]   cargo:rerun-if-env-changed=HOST_PKG_CONFIG_PATH
[INFO] [stderr]   cargo:rerun-if-env-changed=PKG_CONFIG_PATH
[INFO] [stderr]   cargo:rerun-if-env-changed=PKG_CONFIG_LIBDIR_x86_64-unknown-linux-gnu
[INFO] [stderr]   cargo:rerun-if-env-changed=PKG_CONFIG_LIBDIR_x86_64_unknown_linux_gnu
[INFO] [stderr]   cargo:rerun-if-env-changed=HOST_PKG_CONFIG_LIBDIR
[INFO] [stderr]   cargo:rerun-if-env-changed=PKG_CONFIG_LIBDIR
[INFO] [stderr]   cargo:rerun-if-env-changed=PKG_CONFIG_SYSROOT_DIR_x86_64-unknown-linux-gnu
[INFO] [stderr]   cargo:rerun-if-env-changed=PKG_CONFIG_SYSROOT_DIR_x86_64_unknown_linux_gnu
[INFO] [stderr]   cargo:rerun-if-env-changed=HOST_PKG_CONFIG_SYSROOT_DIR
[INFO] [stderr]   cargo:rerun-if-env-changed=PKG_CONFIG_SYSROOT_DIR
[INFO] [stderr]   cargo:rerun-if-env-changed=LUA5.4_NO_PKG_CONFIG
[INFO] [stderr]   cargo:rerun-if-env-changed=PKG_CONFIG
[INFO] [stderr]   cargo:rerun-if-env-changed=LUA5.4_STATIC
[INFO] [stderr]   cargo:rerun-if-env-changed=LUA5.4_DYNAMIC
[INFO] [stderr]   cargo:rerun-if-env-changed=PKG_CONFIG_ALL_STATIC
[INFO] [stderr]   cargo:rerun-if-env-changed=PKG_CONFIG_ALL_DYNAMIC
[INFO] [stderr]   cargo:rerun-if-env-changed=PKG_CONFIG_PATH_x86_64-unknown-linux-gnu
[INFO] [stderr]   cargo:rerun-if-env-changed=PKG_CONFIG_PATH_x86_64_unknown_linux_gnu
[INFO] [stderr]   cargo:rerun-if-env-changed=HOST_PKG_CONFIG_PATH
[INFO] [stderr]   cargo:rerun-if-env-changed=PKG_CONFIG_PATH
[INFO] [stderr]   cargo:rerun-if-env-changed=PKG_CONFIG_LIBDIR_x86_64-unknown-linux-gnu
[INFO] [stderr]   cargo:rerun-if-env-changed=PKG_CONFIG_LIBDIR_x86_64_unknown_linux_gnu
[INFO] [stderr]   cargo:rerun-if-env-changed=HOST_PKG_CONFIG_LIBDIR
[INFO] [stderr]   cargo:rerun-if-env-changed=PKG_CONFIG_LIBDIR
[INFO] [stderr]   cargo:rerun-if-env-changed=PKG_CONFIG_SYSROOT_DIR_x86_64-unknown-linux-gnu
[INFO] [stderr]   cargo:rerun-if-env-changed=PKG_CONFIG_SYSROOT_DIR_x86_64_unknown_linux_gnu
[INFO] [stderr]   cargo:rerun-if-env-changed=HOST_PKG_CONFIG_SYSROOT_DIR
[INFO] [stderr]   cargo:rerun-if-env-changed=PKG_CONFIG_SYSROOT_DIR
[INFO] [stderr] 
[INFO] [stderr]   --- stderr
[INFO] [stderr]   thread 'main' panicked at 'called `Result::unwrap()` on an `Err` value: Failure { command: "\"pkg-config\" \"--libs\" \"--cflags\" \"lua5.4\"", output: Output { status: ExitStatus(ExitStatus(256)), stdout: "", stderr: "Package lua5.4 was not found in the pkg-config search path.\nPerhaps you should add the directory containing `lua5.4.pc'\nto the PKG_CONFIG_PATH environment variable\nNo package 'lua5.4' found\n" } }', /opt/rustwide/cargo-home/registry/src/github.com-1ecc6299db9ec823/mlua-0.5.0/build/find_normal.rs:42:13
[INFO] [stderr]   stack backtrace:
[INFO] [stderr]      0:     0x5636a0900930 - std::backtrace_rs::backtrace::libunwind::trace::hdcf4f90f85129e83
[INFO] [stderr]                                  at /rustc/ff34b919075f35a1787659e9c448a34b06bab8de/library/std/src/../../backtrace/src/backtrace/libunwind.rs:90:5
[INFO] [stderr]      1:     0x5636a0900930 - std::backtrace_rs::backtrace::trace_unsynchronized::h2669e30cb82f6732
[INFO] [stderr]                                  at /rustc/ff34b919075f35a1787659e9c448a34b06bab8de/library/std/src/../../backtrace/src/backtrace/mod.rs:66:5
[INFO] [stderr]      2:     0x5636a0900930 - std::sys_common::backtrace::_print_fmt::hfbda19e17f6db318
[INFO] [stderr]                                  at /rustc/ff34b919075f35a1787659e9c448a34b06bab8de/library/std/src/sys_common/backtrace.rs:67:5
[INFO] [stderr]      3:     0x5636a0900930 - <std::sys_common::backtrace::_print::DisplayBacktrace as core::fmt::Display>::fmt::h1a8751bf59281272
[INFO] [stderr]                                  at /rustc/ff34b919075f35a1787659e9c448a34b06bab8de/library/std/src/sys_common/backtrace.rs:46:22
[INFO] [stderr]      4:     0x5636a091f9ff - core::fmt::write::h7aa6cd0067dca82a
[INFO] [stderr]                                  at /rustc/ff34b919075f35a1787659e9c448a34b06bab8de/library/core/src/fmt/mod.rs:1094:17
[INFO] [stderr]      5:     0x5636a08fd515 - std::io::Write::write_fmt::hd7dd3a1df9b6befb
[INFO] [stderr]                                  at /rustc/ff34b919075f35a1787659e9c448a34b06bab8de/library/std/src/io/mod.rs:1584:15
[INFO] [stderr]      6:     0x5636a0902b2b - std::sys_common::backtrace::_print::h551e9ec8a9fa8106
[INFO] [stderr]                                  at /rustc/ff34b919075f35a1787659e9c448a34b06bab8de/library/std/src/sys_common/backtrace.rs:49:5
[INFO] [stderr]      7:     0x5636a0902b2b - std::sys_common::backtrace::print::ha4b1c5e95fa040b3
[INFO] [stderr]                                  at /rustc/ff34b919075f35a1787659e9c448a34b06bab8de/library/std/src/sys_common/backtrace.rs:36:9
[INFO] [stderr]      8:     0x5636a0902b2b - std::panicking::default_hook::{{closure}}::h0b34c9ab7fb9f857
[INFO] [stderr]                                  at /rustc/ff34b919075f35a1787659e9c448a34b06bab8de/library/std/src/panicking.rs:208:50
[INFO] [stderr]      9:     0x5636a090260d - std::panicking::default_hook::h3067e8318decd17a
[INFO] [stderr]                                  at /rustc/ff34b919075f35a1787659e9c448a34b06bab8de/library/std/src/panicking.rs:225:9
[INFO] [stderr]     10:     0x5636a09030dd - std::panicking::rust_panic_with_hook::h81b8facc50f34daa
[INFO] [stderr]                                  at /rustc/ff34b919075f35a1787659e9c448a34b06bab8de/library/std/src/panicking.rs:591:17
[INFO] [stderr]     11:     0x5636a0902cd7 - std::panicking::begin_panic_handler::{{closure}}::ha376ab85d95a000e
[INFO] [stderr]                                  at /rustc/ff34b919075f35a1787659e9c448a34b06bab8de/library/std/src/panicking.rs:497:13
[INFO] [stderr]     12:     0x5636a0900dec - std::sys_common::backtrace::__rust_end_short_backtrace::h6795c8afdd1a77e6
[INFO] [stderr]                                  at /rustc/ff34b919075f35a1787659e9c448a34b06bab8de/library/std/src/sys_common/backtrace.rs:141:18
[INFO] [stderr]     13:     0x5636a0902c39 - rust_begin_unwind
[INFO] [stderr]                                  at /rustc/ff34b919075f35a1787659e9c448a34b06bab8de/library/std/src/panicking.rs:493:5
[INFO] [stderr]     14:     0x5636a08692a1 - core::panicking::panic_fmt::hbe99dddd3092ba3c
[INFO] [stderr]                                  at /rustc/ff34b919075f35a1787659e9c448a34b06bab8de/library/core/src/panicking.rs:92:14
[INFO] [stderr]     15:     0x5636a0869333 - core::result::unwrap_failed::hf79563fef9d11ab8
[INFO] [stderr]                                  at /rustc/ff34b919075f35a1787659e9c448a34b06bab8de/library/core/src/result.rs:1355:5
[INFO] [stderr]     16:     0x5636a086e9d5 - core::result::Result<T,E>::unwrap::h2aff220c1f4048c6
[INFO] [stderr]                                  at /rustc/ff34b919075f35a1787659e9c448a34b06bab8de/library/core/src/result.rs:1037:23
[INFO] [stderr]     17:     0x5636a086d032 - build_script_main::find::probe_lua::hc42182de177964f9
[INFO] [stderr]                                  at /opt/rustwide/cargo-home/registry/src/github.com-1ecc6299db9ec823/mlua-0.5.0/build/find_normal.rs:42:9
[INFO] [stderr]     18:     0x5636a086b4dc - build_script_main::main::he54f96967ed57dcd
[INFO] [stderr]                                  at /opt/rustwide/cargo-home/registry/src/github.com-1ecc6299db9ec823/mlua-0.5.0/build/main.rs:134:23
[INFO] [stderr]     19:     0x5636a086f8ab - core::ops::function::FnOnce::call_once::h1a20d67f639df9b4
[INFO] [stderr]                                  at /rustc/ff34b919075f35a1787659e9c448a34b06bab8de/library/core/src/ops/function.rs:227:5
[INFO] [stderr]     20:     0x5636a086bcde - std::sys_common::backtrace::__rust_begin_short_backtrace::h6b1ffb3cc7331ca5
[INFO] [stderr]                                  at /rustc/ff34b919075f35a1787659e9c448a34b06bab8de/library/std/src/sys_common/backtrace.rs:125:18
[INFO] [stderr]     21:     0x5636a086f7d1 - std::rt::lang_start::{{closure}}::h628f3c9b4013e7ec
[INFO] [stderr]                                  at /rustc/ff34b919075f35a1787659e9c448a34b06bab8de/library/std/src/rt.rs:49:18
[INFO] [stderr]     22:     0x5636a09034da - core::ops::function::impls::<impl core::ops::function::FnOnce<A> for &F>::call_once::h3b8c329143d7638a
[INFO] [stderr]                                  at /rustc/ff34b919075f35a1787659e9c448a34b06bab8de/library/core/src/ops/function.rs:259:13
[INFO] [stderr]     23:     0x5636a09034da - std::panicking::try::do_call::h4b72c261b4eefc1b
[INFO] [stderr]                                  at /rustc/ff34b919075f35a1787659e9c448a34b06bab8de/library/std/src/panicking.rs:379:40
[INFO] [stderr]     24:     0x5636a09034da - std::panicking::try::h703d31b7896cbd49
[INFO] [stderr]                                  at /rustc/ff34b919075f35a1787659e9c448a34b06bab8de/library/std/src/panicking.rs:343:19
[INFO] [stderr]     25:     0x5636a09034da - std::panic::catch_unwind::h37cad9b35388a915
[INFO] [stderr]                                  at /rustc/ff34b919075f35a1787659e9c448a34b06bab8de/library/std/src/panic.rs:431:14
[INFO] [stderr]     26:     0x5636a09034da - std::rt::lang_start_internal::hab5a8a909af4f90e
[INFO] [stderr]                                  at /rustc/ff34b919075f35a1787659e9c448a34b06bab8de/library/std/src/rt.rs:34:21
[INFO] [stderr]     27:     0x5636a086f7b0 - std::rt::lang_start::hf53f0679c2d48641
[INFO] [stderr]                                  at /rustc/ff34b919075f35a1787659e9c448a34b06bab8de/library/std/src/rt.rs:48:5
[INFO] [stderr]     28:     0x5636a086b53c - main
[INFO] [stderr]     29:     0x7f5533c860b3 - __libc_start_main
[INFO] [stderr]     30:     0x5636a08699be - _start
[INFO] [stderr]     31:                0x0 - <unknown>
[INFO] [stderr] warning: build failed, waiting for other jobs to finish...
[INFO] [stdout] error[E0308]: mismatched types
[INFO] [stdout]    --> /opt/rustwide/cargo-home/registry/src/github.com-1ecc6299db9ec823/lexical-core-0.7.4/src/atof/algorithm/bigcomp.rs:157:55
[INFO] [stdout]     |
[INFO] [stdout] 157 |     let nlz = den.leading_zeros().wrapping_sub(wlz) & (u32::BITS - 1);
[INFO] [stdout]     |                                                       ^^^^^^^^^^^^^^^ expected `usize`, found `u32`
[INFO] [stdout] 
[INFO] [stdout] 
[INFO] [stdout] error[E0277]: no implementation for `usize & u32`
[INFO] [stdout]    --> /opt/rustwide/cargo-home/registry/src/github.com-1ecc6299db9ec823/lexical-core-0.7.4/src/atof/algorithm/bigcomp.rs:157:53
[INFO] [stdout]     |
[INFO] [stdout] 157 |     let nlz = den.leading_zeros().wrapping_sub(wlz) & (u32::BITS - 1);
[INFO] [stdout]     |                                                     ^ no implementation for `usize & u32`
[INFO] [stdout]     |
[INFO] [stdout]     = help: the trait `BitAnd<u32>` is not implemented for `usize`
[INFO] [stdout] 
[INFO] [stdout] 
[INFO] [stdout] error[E0308]: mismatched types
[INFO] [stdout]    --> /opt/rustwide/cargo-home/registry/src/github.com-1ecc6299db9ec823/lexical-core-0.7.4/src/atof/algorithm/bigcomp.rs:175:40
[INFO] [stdout]     |
[INFO] [stdout] 175 |         let (q, r) = shift.ceil_divmod(Limb::BITS);
[INFO] [stdout]     |                                        ^^^^^^^^^^ expected `usize`, found `u32`
[INFO] [stdout]     |
[INFO] [stdout] help: you can convert a `u32` to a `usize` and panic if the converted value doesn't fit
[INFO] [stdout]     |
[INFO] [stdout] 175 |         let (q, r) = shift.ceil_divmod(Limb::BITS.try_into().unwrap());
[INFO] [stdout]     |                                        ^^^^^^^^^^^^^^^^^^^^^^^^^^^^^^
[INFO] [stdout] 
[INFO] [stdout] 
[INFO] [stdout] error[E0308]: mismatched types
[INFO] [stdout]     --> /opt/rustwide/cargo-home/registry/src/github.com-1ecc6299db9ec823/lexical-core-0.7.4/src/atof/algorithm/math.rs:1043:42
[INFO] [stdout]      |
[INFO] [stdout] 1043 |     let mut count = index.saturating_mul(Limb::BITS);
[INFO] [stdout]      |                                          ^^^^^^^^^^ expected `usize`, found `u32`
[INFO] [stdout]      |
[INFO] [stdout] help: you can convert a `u32` to a `usize` and panic if the converted value doesn't fit
[INFO] [stdout]      |
[INFO] [stdout] 1043 |     let mut count = index.saturating_mul(Limb::BITS.try_into().unwrap());
[INFO] [stdout]      |                                          ^^^^^^^^^^^^^^^^^^^^^^^^^^^^^^
[INFO] [stdout] 
[INFO] [stdout] 
[INFO] [stdout] error[E0308]: mismatched types
[INFO] [stdout]     --> /opt/rustwide/cargo-home/registry/src/github.com-1ecc6299db9ec823/lexical-core-0.7.4/src/atof/algorithm/math.rs:1058:28
[INFO] [stdout]      |
[INFO] [stdout] 1058 |     Limb::BITS.checked_mul(x.len())
[INFO] [stdout]      |                            ^^^^^^^ expected `u32`, found `usize`
[INFO] [stdout]      |
[INFO] [stdout] help: you can convert a `usize` to a `u32` and panic if the converted value doesn't fit
[INFO] [stdout]      |
[INFO] [stdout] 1058 |     Limb::BITS.checked_mul(x.len().try_into().unwrap())
[INFO] [stdout]      |                            ^^^^^^^^^^^^^^^^^^^^^^^^^^^
[INFO] [stdout] 
[INFO] [stdout] 
[INFO] [stdout] error[E0308]: mismatched types
[INFO] [stdout]     --> /opt/rustwide/cargo-home/registry/src/github.com-1ecc6299db9ec823/lexical-core-0.7.4/src/atof/algorithm/math.rs:1059:22
[INFO] [stdout]      |
[INFO] [stdout] 1059 |         .map(|v| v - nlz)
[INFO] [stdout]      |                      ^^^ expected `u32`, found `usize`
[INFO] [stdout] 
[INFO] [stdout] 
[INFO] [stdout] error[E0277]: cannot subtract `usize` from `u32`
[INFO] [stdout]     --> /opt/rustwide/cargo-home/registry/src/github.com-1ecc6299db9ec823/lexical-core-0.7.4/src/atof/algorithm/math.rs:1059:20
[INFO] [stdout]      |
[INFO] [stdout] 1059 |         .map(|v| v - nlz)
[INFO] [stdout]      |                    ^ no implementation for `u32 - usize`
[INFO] [stdout]      |
[INFO] [stdout]      = help: the trait `Sub<usize>` is not implemented for `u32`
[INFO] [stdout] 
[INFO] [stdout] 
[INFO] [stdout] error[E0308]: mismatched types
[INFO] [stdout]     --> /opt/rustwide/cargo-home/registry/src/github.com-1ecc6299db9ec823/lexical-core-0.7.4/src/atof/algorithm/math.rs:1060:20
[INFO] [stdout]      |
[INFO] [stdout] 1060 |         .unwrap_or(usize::max_value())
[INFO] [stdout]      |                    ^^^^^^^^^^^^^^^^^^ expected `u32`, found `usize`
[INFO] [stdout]      |
[INFO] [stdout] help: you can convert a `usize` to a `u32` and panic if the converted value doesn't fit
[INFO] [stdout]      |
[INFO] [stdout] 1060 |         .unwrap_or(usize::max_value().try_into().unwrap())
[INFO] [stdout]      |                    ^^^^^^^^^^^^^^^^^^^^^^^^^^^^^^^^^^^^^^
[INFO] [stdout] 
[INFO] [stdout] 
[INFO] [stdout] error[E0308]: mismatched types
[INFO] [stdout]     --> /opt/rustwide/cargo-home/registry/src/github.com-1ecc6299db9ec823/lexical-core-0.7.4/src/atof/algorithm/math.rs:1058:5
[INFO] [stdout]      |
[INFO] [stdout] 1054 |   pub fn bit_length(x: &[Limb]) -> usize {
[INFO] [stdout]      |                                    ----- expected `usize` because of return type
[INFO] [stdout] ...
[INFO] [stdout] 1058 | /     Limb::BITS.checked_mul(x.len())
[INFO] [stdout] 1059 | |         .map(|v| v - nlz)
[INFO] [stdout] 1060 | |         .unwrap_or(usize::max_value())
[INFO] [stdout]      | |______________________________________^ expected `usize`, found `u32`
[INFO] [stdout]      |
[INFO] [stdout] help: you can convert a `u32` to a `usize` and panic if the converted value doesn't fit
[INFO] [stdout]      |
[INFO] [stdout] 1058 |     Limb::BITS.checked_mul(x.len())
[INFO] [stdout] 1059 |         .map(|v| v - nlz)
[INFO] [stdout] 1060 |         .unwrap_or(usize::max_value()).try_into().unwrap()
[INFO] [stdout]      |
[INFO] [stdout] 
[INFO] [stdout] 
[INFO] [stdout] error[E0308]: mismatched types
[INFO] [stdout]     --> /opt/rustwide/cargo-home/registry/src/github.com-1ecc6299db9ec823/lexical-core-0.7.4/src/atof/algorithm/math.rs:1085:23
[INFO] [stdout]      |
[INFO] [stdout] 1085 |     debug_assert!(n < bits && n != 0);
[INFO] [stdout]      |                       ^^^^ expected `usize`, found `u32`
[INFO] [stdout]      |
[INFO] [stdout] help: you can convert a `u32` to a `usize` and panic if the converted value doesn't fit
[INFO] [stdout]      |
[INFO] [stdout] 1085 |     debug_assert!(n < bits.try_into().unwrap() && n != 0);
[INFO] [stdout]      |                       ^^^^^^^^^^^^^^^^^^^^^^^^
[INFO] [stdout] 
[INFO] [stdout] 
[INFO] [stdout] error[E0308]: mismatched types
[INFO] [stdout]     --> /opt/rustwide/cargo-home/registry/src/github.com-1ecc6299db9ec823/lexical-core-0.7.4/src/atof/algorithm/math.rs:1092:25
[INFO] [stdout]      |
[INFO] [stdout] 1092 |     let lshift = bits - n;
[INFO] [stdout]      |                         ^ expected `u32`, found `usize`
[INFO] [stdout] 
[INFO] [stdout] 
[INFO] [stdout] error[E0277]: cannot subtract `usize` from `u32`
[INFO] [stdout]     --> /opt/rustwide/cargo-home/registry/src/github.com-1ecc6299db9ec823/lexical-core-0.7.4/src/atof/algorithm/math.rs:1092:23
[INFO] [stdout]      |
[INFO] [stdout] 1092 |     let lshift = bits - n;
[INFO] [stdout]      |                       ^ no implementation for `u32 - usize`
[INFO] [stdout]      |
[INFO] [stdout]      = help: the trait `Sub<usize>` is not implemented for `u32`
[INFO] [stdout] 
[INFO] [stdout] 
[INFO] [stdout] error[E0308]: mismatched types
[INFO] [stdout]     --> /opt/rustwide/cargo-home/registry/src/github.com-1ecc6299db9ec823/lexical-core-0.7.4/src/atof/algorithm/math.rs:1134:19
[INFO] [stdout]      |
[INFO] [stdout] 1134 |     let rem = n % bits;
[INFO] [stdout]      |                   ^^^^ expected `usize`, found `u32`
[INFO] [stdout] 
[INFO] [stdout] 
[INFO] [stdout] error[E0277]: cannot mod `usize` by `u32`
[INFO] [stdout]     --> /opt/rustwide/cargo-home/registry/src/github.com-1ecc6299db9ec823/lexical-core-0.7.4/src/atof/algorithm/math.rs:1134:17
[INFO] [stdout]      |
[INFO] [stdout] 1134 |     let rem = n % bits;
[INFO] [stdout]      |                 ^ no implementation for `usize % u32`
[INFO] [stdout]      |
[INFO] [stdout]      = help: the trait `Rem<u32>` is not implemented for `usize`
[INFO] [stdout] 
[INFO] [stdout] 
[INFO] [stdout] error[E0308]: mismatched types
[INFO] [stdout]     --> /opt/rustwide/cargo-home/registry/src/github.com-1ecc6299db9ec823/lexical-core-0.7.4/src/atof/algorithm/math.rs:1135:19
[INFO] [stdout]      |
[INFO] [stdout] 1135 |     let div = n / bits;
[INFO] [stdout]      |                   ^^^^ expected `usize`, found `u32`
[INFO] [stdout] 
[INFO] [stdout] 
[INFO] [stdout] error[E0277]: cannot divide `usize` by `u32`
[INFO] [stdout]     --> /opt/rustwide/cargo-home/registry/src/github.com-1ecc6299db9ec823/lexical-core-0.7.4/src/atof/algorithm/math.rs:1135:17
[INFO] [stdout]      |
[INFO] [stdout] 1135 |     let div = n / bits;
[INFO] [stdout]      |                 ^ no implementation for `usize / u32`
[INFO] [stdout]      |
[INFO] [stdout]      = help: the trait `Div<u32>` is not implemented for `usize`
[INFO] [stdout] 
[INFO] [stdout] 
[INFO] [stdout] error[E0308]: mismatched types
[INFO] [stdout]     --> /opt/rustwide/cargo-home/registry/src/github.com-1ecc6299db9ec823/lexical-core-0.7.4/src/atof/algorithm/math.rs:1191:23
[INFO] [stdout]      |
[INFO] [stdout] 1191 |     debug_assert!(n < bits);
[INFO] [stdout]      |                       ^^^^ expected `usize`, found `u32`
[INFO] [stdout]      |
[INFO] [stdout] help: you can convert a `u32` to a `usize` and panic if the converted value doesn't fit
[INFO] [stdout]      |
[INFO] [stdout] 1191 |     debug_assert!(n < bits.try_into().unwrap());
[INFO] [stdout]      |                       ^^^^^^^^^^^^^^^^^^^^^^^^
[INFO] [stdout] 
[INFO] [stdout] 
[INFO] [stdout] error[E0308]: mismatched types
[INFO] [stdout]     --> /opt/rustwide/cargo-home/registry/src/github.com-1ecc6299db9ec823/lexical-core-0.7.4/src/atof/algorithm/math.rs:1201:25
[INFO] [stdout]      |
[INFO] [stdout] 1201 |     let rshift = bits - n;
[INFO] [stdout]      |                         ^ expected `u32`, found `usize`
[INFO] [stdout] 
[INFO] [stdout] 
[INFO] [stdout] error[E0277]: cannot subtract `usize` from `u32`
[INFO] [stdout]     --> /opt/rustwide/cargo-home/registry/src/github.com-1ecc6299db9ec823/lexical-core-0.7.4/src/atof/algorithm/math.rs:1201:23
[INFO] [stdout]      |
[INFO] [stdout] 1201 |     let rshift = bits - n;
[INFO] [stdout]      |                       ^ no implementation for `u32 - usize`
[INFO] [stdout]      |
[INFO] [stdout]      = help: the trait `Sub<usize>` is not implemented for `u32`
[INFO] [stdout] 
[INFO] [stdout] 
[INFO] [stdout] error[E0308]: mismatched types
[INFO] [stdout]     --> /opt/rustwide/cargo-home/registry/src/github.com-1ecc6299db9ec823/lexical-core-0.7.4/src/atof/algorithm/math.rs:1253:19
[INFO] [stdout]      |
[INFO] [stdout] 1253 |     let rem = n % bits;
[INFO] [stdout]      |                   ^^^^ expected `usize`, found `u32`
[INFO] [stdout] 
[INFO] [stdout] 
[INFO] [stdout] error[E0277]: cannot mod `usize` by `u32`
[INFO] [stdout]     --> /opt/rustwide/cargo-home/registry/src/github.com-1ecc6299db9ec823/lexical-core-0.7.4/src/atof/algorithm/math.rs:1253:17
[INFO] [stdout]      |
[INFO] [stdout] 1253 |     let rem = n % bits;
[INFO] [stdout]      |                 ^ no implementation for `usize % u32`
[INFO] [stdout]      |
[INFO] [stdout]      = help: the trait `Rem<u32>` is not implemented for `usize`
[INFO] [stdout] 
[INFO] [stdout] 
[INFO] [stdout] error[E0308]: mismatched types
[INFO] [stdout]     --> /opt/rustwide/cargo-home/registry/src/github.com-1ecc6299db9ec823/lexical-core-0.7.4/src/atof/algorithm/math.rs:1254:19
[INFO] [stdout]      |
[INFO] [stdout] 1254 |     let div = n / bits;
[INFO] [stdout]      |                   ^^^^ expected `usize`, found `u32`
[INFO] [stdout] 
[INFO] [stdout] 
[INFO] [stdout] error[E0277]: cannot divide `usize` by `u32`
[INFO] [stdout]     --> /opt/rustwide/cargo-home/registry/src/github.com-1ecc6299db9ec823/lexical-core-0.7.4/src/atof/algorithm/math.rs:1254:17
[INFO] [stdout]      |
[INFO] [stdout] 1254 |     let div = n / bits;
[INFO] [stdout]      |                 ^ no implementation for `usize / u32`
[INFO] [stdout]      |
[INFO] [stdout]      = help: the trait `Div<u32>` is not implemented for `usize`
[INFO] [stdout] 
[INFO] [stdout] 
[INFO] [stdout] error[E0308]: mismatched types
[INFO] [stdout]     --> /opt/rustwide/cargo-home/registry/src/github.com-1ecc6299db9ec823/lexical-core-0.7.4/src/atof/algorithm/math.rs:2065:27
[INFO] [stdout]      |
[INFO] [stdout] 2065 |     let rs = Limb::BITS - s;
[INFO] [stdout]      |                           ^ expected `u32`, found `usize`
[INFO] [stdout] 
[INFO] [stdout] 
[INFO] [stdout] error[E0277]: cannot subtract `usize` from `u32`
[INFO] [stdout]     --> /opt/rustwide/cargo-home/registry/src/github.com-1ecc6299db9ec823/lexical-core-0.7.4/src/atof/algorithm/math.rs:2065:25
[INFO] [stdout]      |
[INFO] [stdout] 2065 |     let rs = Limb::BITS - s;
[INFO] [stdout]      |                         ^ no implementation for `u32 - usize`
[INFO] [stdout]      |
[INFO] [stdout]      = help: the trait `Sub<usize>` is not implemented for `u32`
[INFO] [stdout] 
[INFO] [stdout] 
[INFO] [stdout] error: aborting due to 27 previous errors
[INFO] [stdout] 
[INFO] [stdout] 
[INFO] [stdout] Some errors have detailed explanations: E0277, E0308.
[INFO] [stdout] 
[INFO] [stdout] For more information about an error, try `rustc --explain E0277`.
[INFO] [stdout] 
[INFO] [stderr] error: build failed
[INFO] running `Command { std: "docker" "inspect" "43443e575e9378a4b06004e4d7ee498e4e757925622ff9b25037c0ace7c40326", kill_on_drop: false }`
[INFO] running `Command { std: "docker" "rm" "-f" "43443e575e9378a4b06004e4d7ee498e4e757925622ff9b25037c0ace7c40326", kill_on_drop: false }`
[INFO] [stdout] 43443e575e9378a4b06004e4d7ee498e4e757925622ff9b25037c0ace7c40326
